21 a factor of 261216963?
True
Does 7 divide 1280835682?
True
Is 120944666 a multiple of 545?
False
Is 456636685 a multiple of 337?
True
Is 36724454 a multiple of 489?
False
Is 21665556 a multiple of 108?
True
Is 45 a factor of 2148466109?
False
Does 119 divide 27223164?
False
Is 141 a factor of 13393867?
False
Does 1274 divide 48380820?
False
Is 187 a factor of 15292270?
False
Is 122 a factor of 1538850?
False
Is 8 a factor of 2258336780?
False
Does 5511 divide 475901898?
False
Is 119 a factor of 25595353?
True
Is 799977068 a multiple of 316?
True
Does 318 divide 1408855116?
True
Is 118597541 a multiple of 208?
False
Is 27430320 a multiple of 23?
False
Does 1801 divide 615332790?
False
Is 26 a factor of 359190078?
True
Is 620 a factor of 114242440?
True
Does 47 divide 3198690891?
True
Is 294 a factor of 460348335?
False
Does 158 divide 69948654?
True
Is 100 a factor of 314779663?
False
Does 22 divide 95754020?
False
Is 847 a factor of 5636785?
True
Is 462 a factor of 205187136?
True
Is 63351180 a multiple of 103?
True
Does 638 divide 45867607?
False
Is 28 a factor of 2212820120?
True
Is 5 a factor of 4523400?
True
Is 25 a factor of 5123689?
False
Is 9 a factor of 826559046?
True
Is 2141655767 a multiple of 233?
False
Is 7082214210 a multiple of 270?
True
Is 1430781377 a multiple of 487?
False
Is 7301571159 a multiple of 44?
False
Does 17 divide 14085563?
False
Does 520 divide 132984800?
True
Is 1287434 a multiple of 12?
False
Is 224 a factor of 30157120?
True
Is 1655915905 a multiple of 542?
False
Is 79737160 a multiple of 1256?
True
Is 82803475 a multiple of 25?
True
Is 579202931 a multiple of 769?
False
Does 216 divide 27097200?
True
Is 219 a factor of 184259592?
True
Is 12153882 a multiple of 45?
False
Is 4 a factor of 338047935?
False
Is 654 a factor of 160975560?
True
Does 31 divide 473223339?
True
Does 46 divide 24023868?
True
Is 4277182 a multiple of 24?
False
Is 36 a factor of 86425123?
False
Does 925 divide 469456704?
False
Is 22 a factor of 30239286?
True
Is 1035 a factor of 986796010?
False
Is 28 a factor of 100208910?
False
Is 361100410 a multiple of 86?
False
Is 343 a factor of 17602254?
False
Does 1982 divide 40308991?
False
Does 224 divide 142473438?
False
Is 1219 a factor of 243047877?
True
Does 10 divide 48198710?
True
Does 59 divide 4300922?
False
Is 134 a factor of 23055427?
False
Does 2177 divide 363609071?
True
Does 2746 divide 1547099146?
True
Does 231 divide 1070977908?
True
Is 105898232 a multiple of 209?
False
Does 25 divide 2054723?
False
Does 241 divide 40907340?
True
Does 59 divide 11534677?
True
Is 2279 a factor of 317139774?
False
Is 1868 a factor of 1062856508?
True
Does 81 divide 207487899?
True
Is 168309514 a multiple of 486?
False
Does 128 divide 4945601?
False
Does 701 divide 107087937?
False
Does 103 divide 21225687?
False
Is 1117565134 a multiple of 1126?
True
Does 2121 divide 17558155?
False
Is 18 a factor of 1905696?
True
Is 904658638 a multiple of 1039?
False
Does 14 divide 50501164?
True
Is 121566960 a multiple of 16?
True
Is 220 a factor of 19902520?
True
Is 1515 a factor of 226157685?
True
Is 1058 a factor of 55111435?
False
Is 322771212 a multiple of 1124?
True
Is 41140 a multiple of 110?
True
Does 12 divide 2079036?
True
Is 21 a factor of 16877136?
False
Does 108 divide 222683051?
False
Does 14 divide 84935425?
False
Is 62 a factor of 2881170?
False
Is 191 a factor of 5183167?
True
Is 2741085 a multiple of 24?
False
Is 9241031 a multiple of 730?
False
Does 674 divide 311802510?
True
Is 213 a factor of 507201475?
False
Is 43106614 a multiple of 47?
True
Does 13 divide 44241167?
False
Is 29623550 a multiple of 275?
True
Is 51 a factor of 450760729?
False
Is 67 a factor of 37935014?
False
Is 10 a factor of 27194950?
True
Does 6 divide 28059567?
False
Does 1409 divide 34649897?
False
Does 9 divide 13445074?
False
Is 11423592 a multiple of 17?
True
Does 953 divide 75796855?
True
Does 378 divide 19022472?
True
Is 5 a factor of 131019585?
True
Is 479511140 a multiple of 827?
True
Is 299763738 a multiple of 2139?
True
Is 2952659 a multiple of 64?
False
Is 91 a factor of 89992444?
False
Is 4415502 a multiple of 26?
True
Is 361721756 a multiple of 20?
False
Does 221 divide 635316569?
False
Does 270 divide 2854831230?
True
Is 3997976631 a multiple of 33?
True
Is 17006610 a multiple of 33?
False
Is 8 a factor of 206286494?
False
Does 396 divide 6720912?
True
Is 25 a factor of 1137588775?
True
Is 84390384 a multiple of 26?
True
Is 40141800 a multiple of 2610?
True
Is 42 a factor of 1038486834?
True
Does 4132 divide 37398000?
False
Is 1620 a factor of 84374314?
False
Is 38371678 a multiple of 149?
False
Is 82007007 a multiple of 12?
False
Is 374827839 a multiple of 5065?
False
Is 467 a factor of 68190934?
False
Is 126806184 a multiple of 2472?
True
Is 92 a factor of 33314926?
False
Does 7616 divide 4189843392?
True
Is 108 a factor of 1765784016?
True
Is 24839351 a multiple of 53?
True
Is 30 a factor of 30803453?
False
Is 1436 a factor of 30856115?
False
Is 5847184 a multiple of 68?
True
Is 2394 a factor of 2721855906?
True
Is 952 a factor of 23707656?
True
Is 2713 a factor of 33618533?
False
Does 140 divide 46714920?
True
Is 921309345 a multiple of 343?
False
Is 237931136 a multiple of 140?
False
Is 89 a factor of 86954958?
True
Is 24 a factor of 47723328?
True
Is 74207521 a multiple of 1150?
False
Is 385582564 a multiple of 5766?
False
Does 46 divide 18695366?
True
Does 46 divide 83884807?
False
Is 89438528 a multiple of 47?
False
Is 369086112 a multiple of 54?
True
Does 109 divide 675814071?
False
Is 14389728 a multiple of 16?
True
Is 501 a factor of 22810530?
True
Does 233 divide 242428226?
False
Does 86 divide 247443336?
False
Is 2758895133 a multiple of 19?
True
Is 59 a factor of 1077429385?
True
Is 1623 a factor of 64868064?
True
Is 17880555 a multiple of 411?
True
Does 1516 divide 401779416?
True
Is 261097255 a multiple of 40?
False
Does 60 divide 5907731?
False
Does 107 divide 15634412?
True
Is 405317968 a multiple of 1024?
False
Is 87221703 a multiple of 18?
False
Is 33652537 a multiple of 2?
False
Does 77 divide 155553724?
False
Does 15 divide 82218892?
False
Does 5487 divide 843375088?
False
Is 12 a factor of 2345335728?
True
Is 17 a factor of 274964413?
False
Is 14 a factor of 173736304?
True
Does 9 divide 21584862?
True
Is 134 a factor of 61820013?
False
Does 99 divide 9262750?
False
Does 1501 divide 13198293?
True
Is 537 a factor of 33508263?
True
Is 990616115 a multiple of 3880?
False
Is 37509120 a multiple of 1536?
True
Is 375249888 a multiple of 32?
True
Does 27 divide 120115683?
True
Is 83 a factor of 20437025?
False
Does 781 divide 16650139?
True
Does 13 divide 6222242?
True
Is 306922785 a multiple of 906?
False
Does 539 divide 77665588?
True
Is 298 a factor of 53419182?
True
Does 1122 divide 79876302?
True
Is 302714416 a multiple of 8?
True
Is 123792 even?
True
Is 4 a factor of 6431747?
False
Is 31013348 a multiple of 4?
True
Is 188 a factor of 964512756?
True
Does 1063 divide 203369971?
True
Does 318 divide 1713751926?
True
Is 78611034 a multiple of 283?
False
Is 84975051 a multiple of 111?
True
Is 289 a factor of 51653952?
False
Does 18 divide 412716957?
False
Is 2586 a factor of 181914756?
True
Is 11897928 a multiple of 7?
True
Does 64 divide 353347008?
True
Is 241 a factor of 1458215450?
False
Is 134 a factor of 114506133?
False
Is 26 a factor of 58794219?
False
Does 1157 divide 3490909?
False
Is 10512437 a multiple of 315?
False
Is 1012139 even?
False
Is 13 a factor of 289386825?
True
Is 105467694 a multiple of 6?
True
Is 68 a factor of 456714385?
False
Is 9993187 a multiple of 3?
False
Is 603 a factor of 355165794?
True
Is 33 a factor of 85825014?
True
Is 55626760 a multiple of 196?
True
Does 12 divide 379637940?
True
Is 18 a factor of 43152210?
True
Is 83 a factor of 2176729?
False
Does 11 divide 18351586?
True
Is 74622777 a multiple of 6?
False
Is 21 a factor of 141853467?
True
Is 23 a factor of 381751125?
True
Does 96 divide 28993504?
False
Is 17287547 a multiple of 37?
True
Is 24 a factor of 1249385016?
True
Does 42 divide 852088356?
True
Is 75 a factor of 20954380?
False
Is 15 a factor of 121999866?
False
Is 443 a factor of 9160354?
True
Does 79 divide 47834996?
False
Is 696 a